
6
(-30 - 10 - -21) + 15
-4
Evaluate (-29 - (59 - 91)) + (-1 + 1 - 7).
-4
What is (21 - 10) + 3 + -26 - (-1 - 9)?
-2
Evaluate (22 + -18 - (3 - (2 + -1))) + 18.
20
What is (-1 - -9) + (23 - (-58 - -88))?
1
42 - (0 + -20 + (14 - -22))
26
Calculate (-16 - (-14 + 6 + -14)) + -17.
-11
What is 0 - -2 - (-10 + (11 - 20) + 18)?
3
What is -11 + 9 + 7 + 2?
7
Calculate 0 + 9 + 7 + -9 + (3 - 3).
7
What is 115 - 113 - (-2 + 1 + 35) - -5?
-27
What is the value of (0 - -61) + 19 + -49?
31
What is -1 - (-1 + -6 - 3)?
9
What is the value of 1 + -1 - (-35 + 32 + -4)?
7
What is the value of 95 - 84 - (-2 - -3 - -7 - 3)?
6
(-46 - -41) + (4 - -2)
1
Calculate 8 + -3 + (6 - 3) + -4.
4
34 + (-41 - (52 + -37))
-22
-34 - ((-47 - 12) + 31)
-6
-5 + 15 + -2 + 3 + (10 - 5)
16
Evaluate (-138 - -163) + 5 + (-3 - -3 - 4).
26
What is -19 + 14 - (-7 + 0 - 2)?
4
Calculate 5 + (-11 + -4 - -12 - (-8 + 1)).
9
(-17 - -15) + 3 + -1 + (0 - -6)
6
Evaluate (-5 - 11) + -2 - (-7 + 3).
-14
What is 9 + -11 + 13 - 10 - -9 - 14?
-4
What is the value of 6 + (-2 - 2) - (-3 + -7 + 0)?
12
What is the value of (-35 - -15) + 8 + 6?
-6
Evaluate -5 - (-2 + 9 - 14) - 24.
-22
What is the value of -1 - (-4 + (5 - 4 - 4) + -1)?
7
What is the value of (46 - 48) + -4 + (4 - 9)?
-11
Evaluate (-7 - -7) + 0 - (2 + 0 - -1).
-3
What is (1 + 3 - -3) + -30 + 19?
-4
What is the value of (-4 - 4) + (-20 + 25 - (8 - 0))?
-11
Evaluate -25 + (36 - 13) - -26.
24
What is 15 - (24 + -11 - 25)?
27
Calculate -1 + (1 - 7 - (4 + -7)) + 16.
12
What is the value of -1 + 8 - 19 - (-3 - (2 + 1))?
-6
What is 9 + 1 + (212 - 220)?
2
What is the value of 1 + 0 - (3 + -1 - (-3 + 10))?
6
Calculate 0 + 4 + (-2 + -2 - -1) - 2.
-1
Calculate (-56 + 3 - (61 - 78)) + (10 - -1).
-25
What is 9 + (0 - (-6 + (11 - -2))) + 0?
2
5 - (71 + -77 + -9 + 1)
19
Evaluate -5 + (-5 - -16 - 10) - 4.
-8
What is 21 + (-11 - (-7 + (-8 - -10))) + -2?
13
61 - (22 - -11) - 30
-2
Calculate 2 - 9 - (-4 + 24 + (3 - 6)).
-24
Evaluate -4 + (17 - (-7 - -3)).
17
What is the value of -129 + 134 + (-4 - 0)?
1
What is the value of 1 + -5 - ((59 - 6) + -47)?
-10
What is -8 - 0 - (74 + -41 - 40)?
-1
39 + (-2 - (-2 - -1)) + 229 + -232
35
Calculate -186 - -193 - (1 - -10 - 0).
-4
Evaluate -6 + 25 + (2 - 19).
2
What is 13 - 18 - (1 - 13) - (-12 - 0)?
19
Calculate (130 + -124 - (-1 - -4)) + -5.
-2
Evaluate (10 - 2) + (-6 - -9 - 2) - 2.
7
What is -2 - -9 - (3 + (2 - 2) - -5)?
-1
What is (-3 - (2 - 2)) + -17 + 58 + -34?
4
What is 15 - 11 - 10 - (-45 - 1)?
40
What is -24 - ((3 - -2) + -26)?
-3
Evaluate (0 - 3) + (-11 - (7 + (4 - 12))).
-13
Calculate -7 - (-6 + (-10 - -8) + -26 + 8).
19
Calculate (-26 - -21) + (3 - -12).
10
Evaluate -6 + -16 - -18 - (9 - 1).
-12
Evaluate 3 + -1 + -10 + 11 - (2 + -4).
5
What is -4 + 22 + -12 + -1?
5
What is (31 - (73 + -22)) + 16?
-4
Calculate 10 + -12 + -7 + 14.
5
Calculate 1 + (4 - 1) + -18 + (44 - 43).
-13
7 + -1 - (1 - ((8 - 16) + 14))
11
Calculate (1 - (1 + -2 + 9 - 13)) + 6.
12
Evaluate 6 + (2 + -14 - -8) + 1.
3
Calculate -29 - (11 - (2 + 22)).
-16
What is -6 + (1 - -6 - (-13 - -15)) + -10?
-11
What is 43 + -41 - (1 - 10)?
11
What is the value of (-2 - (-11 + -25)) + (55 - 70)?
19
What is 1 + -21 - (-24 - (12 + -21))?
-5
What is -5 + 12 - (0 - -2) - 6 - 9?
-10
What is the value of -15 - (1 + -13 + -2)?
-1
What is the value of 25 + (-14 - -29) + -37?
3
Calculate 3 - (4 + -1 + -9 + 15 + -3).
-3
What is -16 - 1 - (-13 + 24 + -14 + 3)?
-17
Calculate 6 + 2 - (17 + 1).
-10
Calculate (-1 - -21) + 444 + -455.
9
What is the value of -1 - (-8 - (-7 + -2 + 11))?
9
What is -131 - -122 - (-1 + 2 + 2)?
-12
What is 20 + (-6 - (14 + -20))?
20
What is the value of 1 - (1 + 4 - (69 - 73))?
-8
-76 - -83 - (-2 - (1 - 5))
5
Calculate 9 + (-9 - -3 - -2 - 15).
-10
What is -14 - (6 + (-1 - -4)) - -9?
-14
0 + -1 + 4 + 7 + 9 - 9
10
What is 2 + -17 - (17 - (-14 - -12) - 20)?
-14
What is 17 + 12 + (-5 - 10)?
14
What is -6 + (7 - 16) + 15 + -10 + 0?
-10
-1 - (-43 + (47 - 13))
8
What is the value of (-10 - -12 - -9) + (-12 - -12)?
11
What is (2 + 1 - (-17 + -2)) + -42 + 50?
30
Calculate (0 - -49) + (308 - 337).
20
Evaluate -20 + -31 + 21 - (-9 - 4).
-17
Calculate 5 - (13 - (-12 + 19) - -23).
-24
-1 - (2 + -1 - 0)
-2
Evaluate -2 - (-1 + -1 + 0 + -3).
3
Evaluate 1 + 4 + -3 - (45 + -50).
7
Evaluate -7 - (2 + -1 - 2).
-6
What is the value of -2 + -3 - (-10 - -10 - -2)?
-7
Calculate 23 + -39 + 3 + (3 - (1 - -1)).
-12
12 + -5 + -10 - (-2 - -17)
-18
Evaluate (9 - (-2 - -7 - -1)) + -1 + -20.
-18
What is (-1 + 4 - -11) + -10 + (-1 - 16)?
-13
What is (230 - 241) + 1 + 6?
-4
What is -6 - 0 - (-69 - -44) - 4?
15
Evaluate -7 + 9 + (-2 + 2 - (0 + -4)).
6
What is the value of 8 + -9 + 7 + -10 + -9?
-13
Evaluate -28 + 1 - (-23 - (1 - 13)).
-16
What is the value of 6 + (-8 + 2 + 0 + 8 - 2)?
6
What is the value of 0 + (-13 - -16 - (-1 - -5)) - -6?
5
What is 12 - 4 - 17 - -24?
15
What is the value of -464 - -508 - (-3 - (-1 + -11))?
35
(-8 + 6 - 3) + 15 + (5 - -1)
16
What is the value of -4 - (-15 - (-4 - 4)) - 4?
-1
Evaluate 12 + 18 + 3 + (1 - 15).
19
What is the value of -13 + (-3 - -5) + -1?
-12
Calculate 7 - 2 - 4 - (-6 + (-6 - -17)).
-4
1 - (4 + (4 - 1) - 3) - 2
-5
-149 + 181 + -2 + (-1 - 1 - 0)
28
What is -40 + 51 + -19 + -19 + -1?
-28
What is (452 - 423) + -31 + 1?
-1
Evaluate 9 + (-2 - 0) - (-438 - -462).
-17
What is the value of 9 + (3 + -15 + 4 - (8 + -2))?
-5
Evaluate -17 - -11 - -11 - (-1 + 0 + -3).
9
2 - ((-7 - -4) + 3 - -2 - 21)
21
What is -8 - (20 - 5) - (0 + 2) - -5?
-20
Evaluate 19 + (13 - (-21 + 21)).
32
Calculate 2 + -8 + 8 + 16 + (-8 - -2).
12
Evaluate 2 - (16 - 47 - -4 - 1).
30
Evaluate (5 - (0 - 0)) + (-11 + 23 - 53).
-36
What is -33 + (13 - (6 - 8)) + -6?
-24
-8 - (-14 + (6 - 7))
7
Calculate (11 - (-3 + -2 - -13)) + -7 + -37.
-41
What is the value of (-3 - (8 + -22)) + (1 - 6)?
6
What is the value of (10 - 0) + (-1194 - -1157)?
-27
Evaluate -17 + 11 - -3 - -1 - 1.
-3
Evaluate -1 + 1 + 4 - (28 + -29 + 0).
5
Calculate -2 - (0 + -2) - (11 - 22 - -12).
-1
Evaluate (-2 - -2) + 6 - (-3 + (7 - -5)).
-3
Evaluate -4 - (-6 + 9 + -9).
2
What is the value of 12 - ((0 - 5) + -76 + 87)?
6
Evaluate (1 - -7) + (-8 - (-6 + -2 + 15)).
-7
What is 58 + (-41 - 4) + 22?
35
15 - (-124 - -129 - (0 + -2))
8
Evaluate 17 + (-67 - (-40 + -2)).
-8
-1 + 2 - 1 - -8
8
Evaluate (-5 - 12) + 6 - (3 + -12).
-2
What is the value of (-5 - (0 + -13 - 0)) + 6 + 0?
14
Evaluate -2 + -1 - -2 - (-20 - -4 - -16).
-1
What is 2 + -16 + 2 - -2?
-10
Calculate (-28 - (-22 - -9)) + (3 - 0).
-12
Calculate 0 + -1 + 2 - (12 + 6 + -12).
-5
What is 2 + -5 + 2 + 0 - (0 - 11)?
10
Evaluate -1 + 8 + (-2 - (7 + -4) - 11).
-9
Calculate -6 - (-236 + 245 + (7 - 0)).
-22
What is the value of (0 - 17) + 0 + (19 - 23)?
-21
What is -22 + 5 + (7 - 3) + -7?
-20
Calculate 1 + -4 - (18 + (-9 - (17 - 1))).
4
Evaluate 0 + (1 - ((-2 - 4) + 2)) + -10.
-5
What is -16 - (-6 - -5) - (64 + -57)?
-22
-20 + 11 + 10 - (-19 + 2)
18
11 + 10 - (3 - -8)
10
Calculate 28 + -36 + 4 + -1 - (-13 - 23).
31
What is the value of 3 + -11 + (4 - (-3 - -2))?
-3
Evaluate (4 - 14) + 7 + -5.
-8
What is the value of 25 + (-37 - -18) + (-2 - -15) - 2?
17
-11 + 34 + (-5 - 21)
-3
Evaluate 6 + -4 + -31 + 26.
-3
Calculate (1 - 6 - 4) + (-15 - (3 + -17)).
-10
Calculate (-23 - -5) + 40 + -30.
-8
What is 0 - (36 + -27) - (-1 + -2)?
-6
What is the value of 1 + -14 + 38 + 2?
27
(-9 - -20) + -20 + 9
0
What is the value of 2 - -1 - (343 + -338)?
-2
What is the value of (27 - (-6 + 4)) + (2 - (-5 + 0))?
36
Calculate (9 - (26 + (5 - 16))) + -2 + -11.
-19
Calculate 2 + 0 + 1 + (-4 - -10) + -1.
8
Calculate 16 + -17 + (-3 - -1) - 2.
-5
18 + (27 - (54 + -24))
15
Calculate (0 - 1) + (-25 - -27) - (2 - 8).
7
What is the value of -20 + 19 - (1 + -30)?
28
Evaluate 7 - ((12 - -36) + -34).
-7
What is the value of (-11 - (-1 + -8)) + -2 + 1 - 17?
-20
(0 + 0 - (51 - (1 - -17))) + 9
-24
Calculate -9 - (13 + (-10 - 3)) - -11.
2
What is (-350 - -379) + (3 - 20)?
12
-9 - (7 + (13 + -4 - 43))
18
Calculate -8 + -1 - (46 + -5 + -40).
-10
Calculate 16 + 14 + -53 - -5.
-18
Calculate (-26 + 11 - -12) + 7.
4
What is 7 + 9 + -37 + -2 + 2?
-21
Calculate -4 + -2 + 56 + (-94 - -21).
-23
Calculate -9 + (-37 - -26) + (4 - 8) + 8.
-16
What is (-4 - -22) + 8 + -19?
7
Evaluate 6 + -4 - -4 - 15 - -19.
10
Calcu